{"id":45,"date":"2023-09-26T10:36:06","date_gmt":"2023-09-26T10:36:06","guid":{"rendered":"https:\/\/lonitseera.ee\/contact\/"},"modified":"2024-02-06T12:07:07","modified_gmt":"2024-02-06T12:07:07","slug":"kontakt","status":"publish","type":"page","link":"https:\/\/lonitseera.ee\/eng\/kontakt\/","title":{"rendered":"CONTACT"},"content":{"rendered":"\t\t<div data-elementor-type=\"wp-page\" data-elementor-id=\"45\" class=\"elementor elementor-45\" data-elementor-settings=\"{&quot;ha_cmc_init_switcher&quot;:&quot;no&quot;}\" data-elementor-post-type=\"page\">\n\t\t\t\t<div class=\"elementor-element elementor-element-f073503 e-flex e-con-boxed e-con e-parent\" data-id=\"f073503\" data-element_type=\"container\" data-e-type=\"container\" data-settings=\"{&quot;background_background&quot;:&quot;classic&quot;,&quot;_ha_eqh_enable&quot;:false}\">\n\t\t\t\t\t<div class=\"e-con-inner\">\n\t\t\t\t<div class=\"elementor-element elementor-element-699fb2a elementor-fixed elementor-widget elementor-widget-image\" data-id=\"699fb2a\" data-element_type=\"widget\" data-e-type=\"widget\" data-settings=\"{&quot;_position&quot;:&quot;fixed&quot;}\" data-widget_type=\"image.default\">\n\t\t\t\t<div class=\"elementor-widget-container\">\n\t\t\t\t\t\t\t\t\t\t\t\t\t\t\t<img fetchpriority=\"high\" decoding=\"async\" width=\"741\" height=\"1024\" src=\"https:\/\/lonitseera.ee\/wp-content\/uploads\/2023\/10\/pikkmadu_PNG_1-741x1024.png\" class=\"attachment-large size-large wp-image-547\" alt=\"\" srcset=\"https:\/\/lonitseera.ee\/wp-content\/uploads\/2023\/10\/pikkmadu_PNG_1-741x1024.png 741w, https:\/\/lonitseera.ee\/wp-content\/uploads\/2023\/10\/pikkmadu_PNG_1-217x300.png 217w, https:\/\/lonitseera.ee\/wp-content\/uploads\/2023\/10\/pikkmadu_PNG_1-768x1061.png 768w, https:\/\/lonitseera.ee\/wp-content\/uploads\/2023\/10\/pikkmadu_PNG_1-1112x1536.png 1112w, https:\/\/lonitseera.ee\/wp-content\/uploads\/2023\/10\/pikkmadu_PNG_1-600x829.png 600w, https:\/\/lonitseera.ee\/wp-content\/uploads\/2023\/10\/pikkmadu_PNG_1.png 1240w\" sizes=\"(max-width: 741px) 100vw, 741px\" \/>\t\t\t\t\t\t\t\t\t\t\t\t\t\t\t<\/div>\n\t\t\t\t<\/div>\n\t\t\t\t\t<\/div>\n\t\t\t\t<\/div>\n\t\t<div class=\"elementor-element elementor-element-f2164d1 e-con-full e-flex e-con e-parent\" data-id=\"f2164d1\" data-element_type=\"container\" data-e-type=\"container\" data-settings=\"{&quot;_ha_eqh_enable&quot;:false}\">\n\t\t<div class=\"elementor-element elementor-element-c164a86 e-con-full e-flex e-con e-child\" data-id=\"c164a86\" data-element_type=\"container\" data-e-type=\"container\" data-settings=\"{&quot;background_background&quot;:&quot;classic&quot;,&quot;_ha_eqh_enable&quot;:false}\">\n\t\t\t\t<div class=\"elementor-element elementor-element-06be206 elementor-widget-tablet__width-inherit elementor-widget-mobile__width-inherit elementor-widget elementor-widget-image-box\" data-id=\"06be206\" data-element_type=\"widget\" data-e-type=\"widget\" data-widget_type=\"image-box.default\">\n\t\t\t\t<div class=\"elementor-widget-container\">\n\t\t\t\t\t<div class=\"elementor-image-box-wrapper\"><div class=\"elementor-image-box-content\"><h3 class=\"elementor-image-box-title\">Kutsu meid esinema!<\/h3><\/div><\/div>\t\t\t\t<\/div>\n\t\t\t\t<\/div>\n\t\t<div class=\"elementor-element elementor-element-5bb4253 e-con-full e-flex e-con e-child\" data-id=\"5bb4253\" data-element_type=\"container\" data-e-type=\"container\" data-settings=\"{&quot;_ha_eqh_enable&quot;:false}\">\n\t\t\t\t<div class=\"elementor-element elementor-element-e2a6ead elementor-widget elementor-widget-text-editor\" data-id=\"e2a6ead\" data-element_type=\"widget\" data-e-type=\"widget\" data-widget_type=\"text-editor.default\">\n\t\t\t\t<div class=\"elementor-widget-container\">\n\t\t\t\t\t\t\t\t\t<p>V\u00f5i lihtsalt kirjuta meile.<\/p>\t\t\t\t\t\t\t\t<\/div>\n\t\t\t\t<\/div>\n\t\t\t\t<div class=\"elementor-element elementor-element-8e8eb4f elementor-mobile-align-center elementor-icon-list--layout-traditional elementor-list-item-link-full_width elementor-widget elementor-widget-icon-list\" data-id=\"8e8eb4f\" data-element_type=\"widget\" data-e-type=\"widget\" data-widget_type=\"icon-list.default\">\n\t\t\t\t<div class=\"elementor-widget-container\">\n\t\t\t\t\t\t\t<ul class=\"elementor-icon-list-items\">\n\t\t\t\t\t\t\t<li class=\"elementor-icon-list-item\">\n\t\t\t\t\t\t\t\t\t\t\t<a href=\"mailto:lonitseera@gmail.com\">\n\n\t\t\t\t\t\t\t\t\t\t\t<span class=\"elementor-icon-list-text\">lonitseera@gmail.com<\/span>\n\t\t\t\t\t\t\t\t\t\t\t<\/a>\n\t\t\t\t\t\t\t\t\t<\/li>\n\t\t\t\t\t\t<\/ul>\n\t\t\t\t\t\t<\/div>\n\t\t\t\t<\/div>\n\t\t\t\t<\/div>\n\t\t<div class=\"elementor-element elementor-element-4f1913b e-con-full e-flex e-con e-child\" data-id=\"4f1913b\" data-element_type=\"container\" data-e-type=\"container\" data-settings=\"{&quot;_ha_eqh_enable&quot;:false}\">\n\t\t\t\t<div class=\"elementor-element elementor-element-6c2d537 elementor-shape-circle e-grid-align-left elementor-grid-0 elementor-widget elementor-widget-social-icons\" data-id=\"6c2d537\" data-element_type=\"widget\" data-e-type=\"widget\" data-widget_type=\"social-icons.default\">\n\t\t\t\t<div class=\"elementor-widget-container\">\n\t\t\t\t\t\t\t<div class=\"elementor-social-icons-wrapper elementor-grid\" role=\"list\">\n\t\t\t\t\t\t\t<span class=\"elementor-grid-item\" role=\"listitem\">\n\t\t\t\t\t<a class=\"elementor-icon elementor-social-icon elementor-social-icon-facebook-f elementor-animation-grow elementor-repeater-item-3525a15\" href=\"https:\/\/www.facebook.com\/lonitseera\" target=\"_blank\">\n\t\t\t\t\t\t<span class=\"elementor-screen-only\">Facebook-f<\/span>\n\t\t\t\t\t\t<i aria-hidden=\"true\" class=\"fab fa-facebook-f\"><\/i>\t\t\t\t\t<\/a>\n\t\t\t\t<\/span>\n\t\t\t\t\t\t\t<span class=\"elementor-grid-item\" role=\"listitem\">\n\t\t\t\t\t<a class=\"elementor-icon elementor-social-icon elementor-social-icon-instagram elementor-animation-grow elementor-repeater-item-4c23b80\" href=\"https:\/\/www.instagram.com\/lonitseera\/\" target=\"_blank\">\n\t\t\t\t\t\t<span class=\"elementor-screen-only\">Instagram<\/span>\n\t\t\t\t\t\t<i aria-hidden=\"true\" class=\"fab fa-instagram\"><\/i>\t\t\t\t\t<\/a>\n\t\t\t\t<\/span>\n\t\t\t\t\t\t\t<span class=\"elementor-grid-item\" role=\"listitem\">\n\t\t\t\t\t<a class=\"elementor-icon elementor-social-icon elementor-social-icon-spotify elementor-animation-grow elementor-repeater-item-0969a90\" href=\"https:\/\/open.spotify.com\/artist\/3zEuVlL6TeQWIEkw8m2HCp?si=S11Q9_zUSx6KA_8NR8r9Dw&#038;nd=1\" target=\"_blank\">\n\t\t\t\t\t\t<span class=\"elementor-screen-only\">Spotify<\/span>\n\t\t\t\t\t\t<i aria-hidden=\"true\" class=\"fab fa-spotify\"><\/i>\t\t\t\t\t<\/a>\n\t\t\t\t<\/span>\n\t\t\t\t\t\t\t<span class=\"elementor-grid-item\" role=\"listitem\">\n\t\t\t\t\t<a class=\"elementor-icon elementor-social-icon elementor-social-icon-youtube elementor-animation-grow elementor-repeater-item-6aac817\" href=\"https:\/\/www.youtube.com\/@lonitseera1403\" target=\"_blank\">\n\t\t\t\t\t\t<span class=\"elementor-screen-only\">Youtube<\/span>\n\t\t\t\t\t\t<i aria-hidden=\"true\" class=\"fab fa-youtube\"><\/i>\t\t\t\t\t<\/a>\n\t\t\t\t<\/span>\n\t\t\t\t\t\t\t<span class=\"elementor-grid-item\" role=\"listitem\">\n\t\t\t\t\t<a class=\"elementor-icon elementor-social-icon elementor-social-icon-apple elementor-animation-grow elementor-repeater-item-57c9283\" href=\"https:\/\/music.apple.com\/us\/artist\/lonitseera\/1513475714?at=1000lM6c\" target=\"_blank\">\n\t\t\t\t\t\t<span class=\"elementor-screen-only\">Apple<\/span>\n\t\t\t\t\t\t<i aria-hidden=\"true\" class=\"fab fa-apple\"><\/i>\t\t\t\t\t<\/a>\n\t\t\t\t<\/span>\n\t\t\t\t\t<\/div>\n\t\t\t\t\t\t<\/div>\n\t\t\t\t<\/div>\n\t\t\t\t<\/div>\n\t\t\t\t<\/div>\n\t\t<div class=\"elementor-element elementor-element-06e9846 e-con-full e-flex e-con e-child\" data-id=\"06e9846\" data-element_type=\"container\" data-e-type=\"container\" data-settings=\"{&quot;background_background&quot;:&quot;classic&quot;,&quot;_ha_eqh_enable&quot;:false}\">\n\t\t\t\t<div class=\"elementor-element elementor-element-f440011 elementor-button-align-center elementor-mobile-button-align-center elementor-widget elementor-widget-form\" data-id=\"f440011\" data-element_type=\"widget\" data-e-type=\"widget\" data-settings=\"{&quot;step_next_label&quot;:&quot;J\\u00e4rgmine&quot;,&quot;step_previous_label&quot;:&quot;Eelmine&quot;,&quot;step_type&quot;:&quot;number_text&quot;,&quot;step_icon_shape&quot;:&quot;circle&quot;}\" data-widget_type=\"form.default\">\n\t\t\t\t<div class=\"elementor-widget-container\">\n\t\t\t\t\t\t\t<form class=\"elementor-form\" method=\"post\" name=\"Contact Form\">\n\t\t\t<input type=\"hidden\" name=\"post_id\" value=\"45\"\/>\n\t\t\t<input type=\"hidden\" name=\"form_id\" value=\"f440011\"\/>\n\t\t\t<input type=\"hidden\" name=\"referer_title\" value=\"Lonitseera\" \/>\n\n\t\t\t\n\t\t\t<div class=\"elementor-form-fields-wrapper elementor-labels-\">\n\t\t\t\t\t\t\t\t<div class=\"elementor-field-type-text elementor-field-group elementor-column elementor-field-group-name elementor-col-50\">\n\t\t\t\t\t\t\t\t\t\t\t\t<label for=\"form-field-name\" class=\"elementor-field-label elementor-screen-only\">\n\t\t\t\t\t\t\t\tNimi\t\t\t\t\t\t\t<\/label>\n\t\t\t\t\t\t\t\t\t\t\t\t\t\t<input size=\"1\" type=\"text\" name=\"form_fields[name]\" id=\"form-field-name\" class=\"elementor-field elementor-size-sm  elementor-field-textual\" placeholder=\"Nimi\">\n\t\t\t\t\t\t\t\t\t\t\t<\/div>\n\t\t\t\t\t\t\t\t<div class=\"elementor-field-type-email elementor-field-group elementor-column elementor-field-group-email elementor-col-50 elementor-field-required\">\n\t\t\t\t\t\t\t\t\t\t\t\t<label for=\"form-field-email\" class=\"elementor-field-label elementor-screen-only\">\n\t\t\t\t\t\t\t\tEmail\t\t\t\t\t\t\t<\/label>\n\t\t\t\t\t\t\t\t\t\t\t\t\t\t<input size=\"1\" type=\"email\" name=\"form_fields[email]\" id=\"form-field-email\" class=\"elementor-field elementor-size-sm  elementor-field-textual\" placeholder=\"E-post\" required=\"required\" aria-required=\"true\">\n\t\t\t\t\t\t\t\t\t\t\t<\/div>\n\t\t\t\t\t\t\t\t<div class=\"elementor-field-type-tel elementor-field-group elementor-column elementor-field-group-phone elementor-col-100\">\n\t\t\t\t\t\t\t\t\t\t\t\t<label for=\"form-field-phone\" class=\"elementor-field-label elementor-screen-only\">\n\t\t\t\t\t\t\t\tTelefoninumber\t\t\t\t\t\t\t<\/label>\n\t\t\t\t\t\t\t\t<input size=\"1\" type=\"tel\" name=\"form_fields[phone]\" id=\"form-field-phone\" class=\"elementor-field elementor-size-sm  elementor-field-textual\" placeholder=\"Telefoninumber\" pattern=\"[0-9()#&amp;+*-=.]+\" title=\"Only numbers and phone characters (#, -, *, etc) are accepted.\">\n\n\t\t\t\t\t\t<\/div>\n\t\t\t\t\t\t\t\t<div class=\"elementor-field-type-textarea elementor-field-group elementor-column elementor-field-group-field_cf3b479 elementor-col-100\">\n\t\t\t\t\t\t\t\t\t\t\t\t<label for=\"form-field-field_cf3b479\" class=\"elementor-field-label elementor-screen-only\">\n\t\t\t\t\t\t\t\tS\u00f5num\t\t\t\t\t\t\t<\/label>\n\t\t\t\t\t\t<textarea class=\"elementor-field-textual elementor-field  elementor-size-sm\" name=\"form_fields[field_cf3b479]\" id=\"form-field-field_cf3b479\" rows=\"4\" placeholder=\"S\u00f5num\"><\/textarea>\t\t\t\t<\/div>\n\t\t\t\t\t\t\t\t<div class=\"elementor-field-group elementor-column elementor-field-type-submit elementor-col-100 e-form__buttons\">\n\t\t\t\t\t<button type=\"submit\" class=\"elementor-button elementor-size-sm\">\n\t\t\t\t\t\t<span >\n\t\t\t\t\t\t\t\t\t\t\t\t\t\t\t<span class=\" elementor-button-icon\">\n\t\t\t\t\t\t\t\t\t\t\t\t\t\t\t\t\t\t\t\t\t\t\t\t\t\t<\/span>\n\t\t\t\t\t\t\t\t\t\t\t\t\t\t\t\t\t\t\t\t\t\t<span class=\"elementor-button-text\">SAADA<\/span>\n\t\t\t\t\t\t\t\t\t\t\t\t\t<\/span>\n\t\t\t\t\t<\/button>\n\t\t\t\t<\/div>\n\t\t\t<\/div>\n\t\t<\/form>\n\t\t\t\t\t\t<\/div>\n\t\t\t\t<\/div>\n\t\t\t\t<\/div>\n\t\t\t\t<\/div>\n\t\t<div class=\"elementor-element elementor-element-47a8d7cc e-con-full e-flex e-con e-parent\" data-id=\"47a8d7cc\" data-element_type=\"container\" data-e-type=\"container\" data-settings=\"{&quot;background_background&quot;:&quot;classic&quot;,&quot;background_motion_fx_motion_fx_scrolling&quot;:&quot;yes&quot;,&quot;background_motion_fx_scale_effect&quot;:&quot;yes&quot;,&quot;background_motion_fx_scale_speed&quot;:{&quot;unit&quot;:&quot;px&quot;,&quot;size&quot;:2,&quot;sizes&quot;:[]},&quot;background_motion_fx_scale_range&quot;:{&quot;unit&quot;:&quot;%&quot;,&quot;size&quot;:&quot;&quot;,&quot;sizes&quot;:{&quot;start&quot;:20,&quot;end&quot;:47}},&quot;background_motion_fx_scale_direction&quot;:&quot;out-in&quot;,&quot;background_motion_fx_devices&quot;:[&quot;desktop&quot;,&quot;tablet&quot;,&quot;mobile&quot;],&quot;_ha_eqh_enable&quot;:false}\">\n\t\t\t\t<\/div>\n\t\t\t\t<\/div>\n\t\t","protected":false},"excerpt":{"rendered":"<p>Kutsu meid esinema! V\u00f5i lihtsalt kirjuta meile. lonitseera@gmail.com Facebook-f Instagram Spotify Youtube Apple<\/p>","protected":false},"author":1,"featured_media":0,"parent":0,"menu_order":0,"comment_status":"closed","ping_status":"closed","template":"elementor_header_footer","meta":{"footnotes":""},"class_list":["post-45","page","type-page","status-publish","hentry"],"yoast_head":"<!-- This site is optimized with the Yoast SEO plugin v27.3 - https:\/\/yoast.com\/product\/yoast-seo-wordpress\/ -->\n<title>Kontakt | Lonitseera<\/title>\n<meta name=\"description\" content=\"Lonitseera. Tartu, Estonia. Alguses oli klaver, p\u00e4rast oli luule. V\u00f5i vahet polegi. Kaisa muusika on uitm\u00f5tete ja liialdatud v\u00f5rdluste ristamisel s\u00fcndinud ...\" \/>\n<meta name=\"robots\" content=\"index, follow, max-snippet:-1, max-image-preview:large, max-video-preview:-1\" \/>\n<link rel=\"canonical\" href=\"https:\/\/lonitseera.ee\/eng\/kontakt\/\" \/>\n<meta property=\"og:locale\" content=\"en_GB\" \/>\n<meta property=\"og:type\" content=\"article\" \/>\n<meta property=\"og:title\" content=\"Kontakt | Lonitseera\" \/>\n<meta property=\"og:description\" content=\"Lonitseera. Tartu, Estonia. Alguses oli klaver, p\u00e4rast oli luule. V\u00f5i vahet polegi. Kaisa muusika on uitm\u00f5tete ja liialdatud v\u00f5rdluste ristamisel s\u00fcndinud ...\" \/>\n<meta property=\"og:url\" content=\"https:\/\/lonitseera.ee\/eng\/kontakt\/\" \/>\n<meta property=\"og:site_name\" content=\"Lonitseera\" \/>\n<meta property=\"article:publisher\" content=\"https:\/\/www.facebook.com\/lonitseera\" \/>\n<meta property=\"article:modified_time\" content=\"2024-02-06T12:07:07+00:00\" \/>\n<meta property=\"og:image\" content=\"https:\/\/lonitseera.ee\/wp-content\/uploads\/2023\/10\/pikkmadu_PNG_1-741x1024.png\" \/>\n<meta name=\"twitter:card\" content=\"summary_large_image\" \/>\n<meta name=\"twitter:label1\" content=\"Estimated reading time\" \/>\n\t<meta name=\"twitter:data1\" content=\"1 minute\" \/>\n<script type=\"application\/ld+json\" class=\"yoast-schema-graph\">{\"@context\":\"https:\\\/\\\/schema.org\",\"@graph\":[{\"@type\":\"WebPage\",\"@id\":\"https:\\\/\\\/lonitseera.ee\\\/kontakt\\\/\",\"url\":\"https:\\\/\\\/lonitseera.ee\\\/kontakt\\\/\",\"name\":\"Kontakt | Lonitseera\",\"isPartOf\":{\"@id\":\"https:\\\/\\\/lonitseera.ee\\\/#website\"},\"primaryImageOfPage\":{\"@id\":\"https:\\\/\\\/lonitseera.ee\\\/kontakt\\\/#primaryimage\"},\"image\":{\"@id\":\"https:\\\/\\\/lonitseera.ee\\\/kontakt\\\/#primaryimage\"},\"thumbnailUrl\":\"https:\\\/\\\/lonitseera.ee\\\/wp-content\\\/uploads\\\/2023\\\/10\\\/pikkmadu_PNG_1-741x1024.png\",\"datePublished\":\"2023-09-26T10:36:06+00:00\",\"dateModified\":\"2024-02-06T12:07:07+00:00\",\"description\":\"Lonitseera. Tartu, Estonia. Alguses oli klaver, p\u00e4rast oli luule. V\u00f5i vahet polegi. Kaisa muusika on uitm\u00f5tete ja liialdatud v\u00f5rdluste ristamisel s\u00fcndinud ...\",\"breadcrumb\":{\"@id\":\"https:\\\/\\\/lonitseera.ee\\\/kontakt\\\/#breadcrumb\"},\"inLanguage\":\"en-GB\",\"potentialAction\":[{\"@type\":\"ReadAction\",\"target\":[\"https:\\\/\\\/lonitseera.ee\\\/kontakt\\\/\"]}]},{\"@type\":\"ImageObject\",\"inLanguage\":\"en-GB\",\"@id\":\"https:\\\/\\\/lonitseera.ee\\\/kontakt\\\/#primaryimage\",\"url\":\"https:\\\/\\\/lonitseera.ee\\\/wp-content\\\/uploads\\\/2023\\\/10\\\/pikkmadu_PNG_1-741x1024.png\",\"contentUrl\":\"https:\\\/\\\/lonitseera.ee\\\/wp-content\\\/uploads\\\/2023\\\/10\\\/pikkmadu_PNG_1-741x1024.png\"},{\"@type\":\"BreadcrumbList\",\"@id\":\"https:\\\/\\\/lonitseera.ee\\\/kontakt\\\/#breadcrumb\",\"itemListElement\":[{\"@type\":\"ListItem\",\"position\":1,\"name\":\"Home\",\"item\":\"https:\\\/\\\/lonitseera.ee\\\/\"},{\"@type\":\"ListItem\",\"position\":2,\"name\":\"Kontakt\"}]},{\"@type\":\"WebSite\",\"@id\":\"https:\\\/\\\/lonitseera.ee\\\/#website\",\"url\":\"https:\\\/\\\/lonitseera.ee\\\/\",\"name\":\"Lonitseera\",\"description\":\"\",\"publisher\":{\"@id\":\"https:\\\/\\\/lonitseera.ee\\\/#organization\"},\"potentialAction\":[{\"@type\":\"SearchAction\",\"target\":{\"@type\":\"EntryPoint\",\"urlTemplate\":\"https:\\\/\\\/lonitseera.ee\\\/?s={search_term_string}\"},\"query-input\":{\"@type\":\"PropertyValueSpecification\",\"valueRequired\":true,\"valueName\":\"search_term_string\"}}],\"inLanguage\":\"en-GB\"},{\"@type\":\"Organization\",\"@id\":\"https:\\\/\\\/lonitseera.ee\\\/#organization\",\"name\":\"Lonitseera\",\"url\":\"https:\\\/\\\/lonitseera.ee\\\/\",\"logo\":{\"@type\":\"ImageObject\",\"inLanguage\":\"en-GB\",\"@id\":\"https:\\\/\\\/lonitseera.ee\\\/#\\\/schema\\\/logo\\\/image\\\/\",\"url\":\"https:\\\/\\\/lonitseera.ee\\\/wp-content\\\/uploads\\\/2023\\\/09\\\/vaiksem-valge-taust.png\",\"contentUrl\":\"https:\\\/\\\/lonitseera.ee\\\/wp-content\\\/uploads\\\/2023\\\/09\\\/vaiksem-valge-taust.png\",\"width\":811,\"height\":633,\"caption\":\"Lonitseera\"},\"image\":{\"@id\":\"https:\\\/\\\/lonitseera.ee\\\/#\\\/schema\\\/logo\\\/image\\\/\"},\"sameAs\":[\"https:\\\/\\\/www.facebook.com\\\/lonitseera\"]}]}<\/script>\n<!-- \/ Yoast SEO plugin. -->","yoast_head_json":{"title":"Kontakt | Lonitseera","description":"Lonitseera. Tartu, Estonia. Alguses oli klaver, p\u00e4rast oli luule. V\u00f5i vahet polegi. Kaisa muusika on uitm\u00f5tete ja liialdatud v\u00f5rdluste ristamisel s\u00fcndinud ...","robots":{"index":"index","follow":"follow","max-snippet":"max-snippet:-1","max-image-preview":"max-image-preview:large","max-video-preview":"max-video-preview:-1"},"canonical":"https:\/\/lonitseera.ee\/eng\/kontakt\/","og_locale":"en_GB","og_type":"article","og_title":"Kontakt | Lonitseera","og_description":"Lonitseera. Tartu, Estonia. Alguses oli klaver, p\u00e4rast oli luule. V\u00f5i vahet polegi. Kaisa muusika on uitm\u00f5tete ja liialdatud v\u00f5rdluste ristamisel s\u00fcndinud ...","og_url":"https:\/\/lonitseera.ee\/eng\/kontakt\/","og_site_name":"Lonitseera","article_publisher":"https:\/\/www.facebook.com\/lonitseera","article_modified_time":"2024-02-06T12:07:07+00:00","og_image":[{"url":"https:\/\/lonitseera.ee\/wp-content\/uploads\/2023\/10\/pikkmadu_PNG_1-741x1024.png","type":"","width":"","height":""}],"twitter_card":"summary_large_image","twitter_misc":{"Estimated reading time":"1 minute"},"schema":{"@context":"https:\/\/schema.org","@graph":[{"@type":"WebPage","@id":"https:\/\/lonitseera.ee\/kontakt\/","url":"https:\/\/lonitseera.ee\/kontakt\/","name":"Kontakt | Lonitseera","isPartOf":{"@id":"https:\/\/lonitseera.ee\/#website"},"primaryImageOfPage":{"@id":"https:\/\/lonitseera.ee\/kontakt\/#primaryimage"},"image":{"@id":"https:\/\/lonitseera.ee\/kontakt\/#primaryimage"},"thumbnailUrl":"https:\/\/lonitseera.ee\/wp-content\/uploads\/2023\/10\/pikkmadu_PNG_1-741x1024.png","datePublished":"2023-09-26T10:36:06+00:00","dateModified":"2024-02-06T12:07:07+00:00","description":"Lonitseera. Tartu, Estonia. Alguses oli klaver, p\u00e4rast oli luule. V\u00f5i vahet polegi. Kaisa muusika on uitm\u00f5tete ja liialdatud v\u00f5rdluste ristamisel s\u00fcndinud ...","breadcrumb":{"@id":"https:\/\/lonitseera.ee\/kontakt\/#breadcrumb"},"inLanguage":"en-GB","potentialAction":[{"@type":"ReadAction","target":["https:\/\/lonitseera.ee\/kontakt\/"]}]},{"@type":"ImageObject","inLanguage":"en-GB","@id":"https:\/\/lonitseera.ee\/kontakt\/#primaryimage","url":"https:\/\/lonitseera.ee\/wp-content\/uploads\/2023\/10\/pikkmadu_PNG_1-741x1024.png","contentUrl":"https:\/\/lonitseera.ee\/wp-content\/uploads\/2023\/10\/pikkmadu_PNG_1-741x1024.png"},{"@type":"BreadcrumbList","@id":"https:\/\/lonitseera.ee\/kontakt\/#breadcrumb","itemListElement":[{"@type":"ListItem","position":1,"name":"Home","item":"https:\/\/lonitseera.ee\/"},{"@type":"ListItem","position":2,"name":"Kontakt"}]},{"@type":"WebSite","@id":"https:\/\/lonitseera.ee\/#website","url":"https:\/\/lonitseera.ee\/","name":"Lonitseera","description":"","publisher":{"@id":"https:\/\/lonitseera.ee\/#organization"},"potentialAction":[{"@type":"SearchAction","target":{"@type":"EntryPoint","urlTemplate":"https:\/\/lonitseera.ee\/?s={search_term_string}"},"query-input":{"@type":"PropertyValueSpecification","valueRequired":true,"valueName":"search_term_string"}}],"inLanguage":"en-GB"},{"@type":"Organization","@id":"https:\/\/lonitseera.ee\/#organization","name":"Lonitseera","url":"https:\/\/lonitseera.ee\/","logo":{"@type":"ImageObject","inLanguage":"en-GB","@id":"https:\/\/lonitseera.ee\/#\/schema\/logo\/image\/","url":"https:\/\/lonitseera.ee\/wp-content\/uploads\/2023\/09\/vaiksem-valge-taust.png","contentUrl":"https:\/\/lonitseera.ee\/wp-content\/uploads\/2023\/09\/vaiksem-valge-taust.png","width":811,"height":633,"caption":"Lonitseera"},"image":{"@id":"https:\/\/lonitseera.ee\/#\/schema\/logo\/image\/"},"sameAs":["https:\/\/www.facebook.com\/lonitseera"]}]}},"_links":{"self":[{"href":"https:\/\/lonitseera.ee\/eng\/wp-json\/wp\/v2\/pages\/45","targetHints":{"allow":["GET"]}}],"collection":[{"href":"https:\/\/lonitseera.ee\/eng\/wp-json\/wp\/v2\/pages"}],"about":[{"href":"https:\/\/lonitseera.ee\/eng\/wp-json\/wp\/v2\/types\/page"}],"author":[{"embeddable":true,"href":"https:\/\/lonitseera.ee\/eng\/wp-json\/wp\/v2\/users\/1"}],"replies":[{"embeddable":true,"href":"https:\/\/lonitseera.ee\/eng\/wp-json\/wp\/v2\/comments?post=45"}],"version-history":[{"count":239,"href":"https:\/\/lonitseera.ee\/eng\/wp-json\/wp\/v2\/pages\/45\/revisions"}],"predecessor-version":[{"id":2228,"href":"https:\/\/lonitseera.ee\/eng\/wp-json\/wp\/v2\/pages\/45\/revisions\/2228"}],"wp:attachment":[{"href":"https:\/\/lonitseera.ee\/eng\/wp-json\/wp\/v2\/media?parent=45"}],"curies":[{"name":"wp","href":"https:\/\/api.w.org\/{rel}","templated":true}]}}